{"id":49,"date":"2021-11-04T11:00:56","date_gmt":"2021-11-04T17:00:56","guid":{"rendered":"http:\/\/dinelab.com\/?post_type=product&#038;p=49"},"modified":"2021-11-04T11:25:19","modified_gmt":"2021-11-04T17:25:19","slug":"detector-electroquimico-ecd-3000rs","status":"publish","type":"product","link":"https:\/\/dinelab.com\/?product=detector-electroquimico-ecd-3000rs","title":{"rendered":"Detector electroqu\u00edmico ECD-3000RS"},"content":{"rendered":"<p><strong>Incluye los siguientes componentes:<\/strong><\/p>\n<table border=\"0\" cellspacing=\"0\">\n<colgroup width=\"443\"><\/colgroup>\n<tbody>\n<tr>\n<td align=\"left\" valign=\"bottom\" height=\"20\">Accessories ECD-3000RS<\/td>\n<\/tr>\n<tr>\n<td align=\"left\" valign=\"bottom\" height=\"20\">ECD-3000RS Detector<\/td>\n<\/tr>\n<tr>\n<td align=\"left\" valign=\"bottom\" height=\"20\">Glassy Carbon WEfor 6041RS<\/td>\n<\/tr>\n<tr>\n<td align=\"left\" valign=\"bottom\" height=\"20\">nanoViper Capillary Kit,System with ECD-3000RS<\/td>\n<\/tr>\n<tr>\n<td align=\"left\" valign=\"bottom\" height=\"20\">Power cord USA-version<\/td>\n<\/tr>\n<tr>\n<td align=\"left\" valign=\"bottom\" height=\"20\">Thin-Layer Amperometric Cell6041RS<\/td>\n<\/tr>\n<\/tbody>\n<\/table>\n","protected":false},"excerpt":{"rendered":"<p>Alcance los l\u00edmites de detecci\u00f3n posibles m\u00e1s bajos para los compuestos oxidables y reducibles. El detector electroqu\u00edmico termo de Scientific&#x2122; Dionex&#x2122; UltiMate&#x2122; 3000 ECD-3000RS ofrece la medida f\u00e1cil, directa a los niveles del femtogram en vol\u00famenes de muestra muy peque\u00f1os con\u00a0 preparaci\u00f3n m\u00ednima. Elimina f\u00e1cilmente interferencias de matriz para aumentar selectividad. Los usuarios tienen una opci\u00f3n de los sensores coulom\u00e9tricos y amperim\u00e9tricos para los an\u00e1lisis extremadamente selectivos.<\/p>\n","protected":false},"featured_media":50,"template":"","meta":{"_uag_custom_page_level_css":"","site-sidebar-layout":"default","site-content-layout":"","ast-site-content-layout":"default","site-content-style":"default","site-sidebar-style":"default","ast-global-header-display":"","ast-banner-title-visibility":"","ast-main-header-display":"","ast-hfb-above-header-display":"","ast-hfb-below-header-display":"","ast-hfb-mobile-header-display":"","site-post-title":"","ast-breadcrumbs-content":"","ast-featured-img":"","footer-sml-layout":"","ast-disable-related-posts":"","theme-transparent-header-meta":"","adv-header-id-meta":"","stick-header-meta":"","header-above-stick-meta":"","header-main-stick-meta":"","header-below-stick-meta":"","astra-migrate-meta-layouts":"default","ast-page-background-enabled":"default","ast-page-background-meta":{"desktop":{"background-color":"","background-image":"","background-repeat":"repeat","background-position":"center center","background-size":"auto","background-attachment":"scroll","background-type":"","background-media":"","overlay-type":"","overlay-color":"","overlay-opacity":"","overlay-gradient":""},"tablet":{"background-color":"","background-image":"","background-repeat":"repeat","background-position":"center center","background-size":"auto","background-attachment":"scroll","background-type":"","background-media":"","overlay-type":"","overlay-color":"","overlay-opacity":"","overlay-gradient":""},"mobile":{"background-color":"","background-image":"","background-repeat":"repeat","background-position":"center center","background-size":"auto","background-attachment":"scroll","background-type":"","background-media":"","overlay-type":"","overlay-color":"","overlay-opacity":"","overlay-gradient":""}},"ast-content-background-meta":{"desktop":{"background-color":"var(--ast-global-color-5)","background-image":"","background-repeat":"repeat","background-position":"center center","background-size":"auto","background-attachment":"scroll","background-type":"","background-media":"","overlay-type":"","overlay-color":"","overlay-opacity":"","overlay-gradient":""},"tablet":{"background-color":"var(--ast-global-color-5)","background-image":"","background-repeat":"repeat","background-position":"center center","background-size":"auto","background-attachment":"scroll","background-type":"","background-media":"","overlay-type":"","overlay-color":"","overlay-opacity":"","overlay-gradient":""},"mobile":{"background-color":"var(--ast-global-color-5)","background-image":"","background-repeat":"repeat","background-position":"center center","background-size":"auto","background-attachment":"scroll","background-type":"","background-media":"","overlay-type":"","overlay-color":"","overlay-opacity":"","overlay-gradient":""}}},"product_brand":[],"product_cat":[16,18],"product_tag":[],"class_list":{"0":"post-49","1":"product","2":"type-product","3":"status-publish","4":"has-post-thumbnail","6":"product_cat-lc","7":"product_cat-detectores-lc","8":"desktop-align-left","9":"tablet-align-left","10":"mobile-align-left","12":"first","13":"instock","14":"shipping-taxable","15":"purchasable","16":"product-type-simple"},"uagb_featured_image_src":{"full":["https:\/\/dinelab.com\/wp-content\/uploads\/2021\/11\/ECD3000.jpg",292,173,false],"thumbnail":["https:\/\/dinelab.com\/wp-content\/uploads\/2021\/11\/ECD3000-150x150.jpg",150,150,true],"medium":["https:\/\/dinelab.com\/wp-content\/uploads\/2021\/11\/ECD3000.jpg",292,173,false],"medium_large":["https:\/\/dinelab.com\/wp-content\/uploads\/2021\/11\/ECD3000.jpg",292,173,false],"large":["https:\/\/dinelab.com\/wp-content\/uploads\/2021\/11\/ECD3000.jpg",292,173,false],"1536x1536":["https:\/\/dinelab.com\/wp-content\/uploads\/2021\/11\/ECD3000.jpg",292,173,false],"2048x2048":["https:\/\/dinelab.com\/wp-content\/uploads\/2021\/11\/ECD3000.jpg",292,173,false],"woocommerce_thumbnail":["https:\/\/dinelab.com\/wp-content\/uploads\/2021\/11\/ECD3000.jpg",292,173,false],"woocommerce_single":["https:\/\/dinelab.com\/wp-content\/uploads\/2021\/11\/ECD3000.jpg",292,173,false],"woocommerce_gallery_thumbnail":["https:\/\/dinelab.com\/wp-content\/uploads\/2021\/11\/ECD3000-100x100.jpg",100,100,true]},"uagb_author_info":{"display_name":"admin","author_link":"https:\/\/dinelab.com\/?author=0"},"uagb_comment_info":0,"uagb_excerpt":"Alcance los l\u00edmites de detecci\u00f3n posibles m\u00e1s bajos para los compuestos oxidables y reducibles. El detector electroqu\u00edmico termo de Scientific&#x2122; Dionex&#x2122; UltiMate&#x2122; 3000 ECD-3000RS ofrece la medida f\u00e1cil, directa a los niveles del femtogram en vol\u00famenes de muestra muy peque\u00f1os con\u00a0 preparaci\u00f3n m\u00ednima. Elimina f\u00e1cilmente interferencias de matriz para aumentar selectividad. Los usuarios tienen una&hellip;","_links":{"self":[{"href":"https:\/\/dinelab.com\/index.php?rest_route=\/wp\/v2\/product\/49","targetHints":{"allow":["GET"]}}],"collection":[{"href":"https:\/\/dinelab.com\/index.php?rest_route=\/wp\/v2\/product"}],"about":[{"href":"https:\/\/dinelab.com\/index.php?rest_route=\/wp\/v2\/types\/product"}],"wp:featuredmedia":[{"embeddable":true,"href":"https:\/\/dinelab.com\/index.php?rest_route=\/wp\/v2\/media\/50"}],"wp:attachment":[{"href":"https:\/\/dinelab.com\/index.php?rest_route=%2Fwp%2Fv2%2Fmedia&parent=49"}],"wp:term":[{"taxonomy":"product_brand","embeddable":true,"href":"https:\/\/dinelab.com\/index.php?rest_route=%2Fwp%2Fv2%2Fproduct_brand&post=49"},{"taxonomy":"product_cat","embeddable":true,"href":"https:\/\/dinelab.com\/index.php?rest_route=%2Fwp%2Fv2%2Fproduct_cat&post=49"},{"taxonomy":"product_tag","embeddable":true,"href":"https:\/\/dinelab.com\/index.php?rest_route=%2Fwp%2Fv2%2Fproduct_tag&post=49"}],"curies":[{"name":"wp","href":"https:\/\/api.w.org\/{rel}","templated":true}]}}